st the prime factors of 5676602.
2, 43, 149, 443
List the prime factors of 482716.
2, 13, 9283
List the prime factors of 2314430.
2, 5, 231443
List the prime factors of 2314727.
2314727
What are the prime factors of 17300879?
17300879
What are the prime factors of 6355143?
3, 191, 3697
List the prime factors of 224157.
3, 74719
List the prime factors of 7145001.
3, 793889
List the prime factors of 456174.
2, 3, 25343
What are the prime factors of 1288568?
2, 161071
What are the prime factors of 983862?
2, 3, 11, 4969
What are the prime factors of 2699206?
2, 577, 2339
List the prime factors of 4378947.
3, 23, 63463
What are the prime factors of 7109777?
1777, 4001
What are the prime factors of 335304?
2, 3, 4657
List the prime factors of 1437223.
1437223
What are the prime factors of 1730766?
2, 3, 288461
What are the prime factors of 362132?
2, 90533
What are the prime factors of 28952103?
3, 389, 24809
What are the prime factors of 162654?
2, 3, 27109
List the prime factors of 4407121.
439, 10039
List the prime factors of 547615.
5, 31, 3533
List the prime factors of 7491237.
3, 13, 17, 11299
What are the prime factors of 14821269?
3, 23, 79, 2719
What are the prime factors of 5417445?
3, 5, 11, 32833
What are the prime factors of 1618991?
11, 53, 2777
What are the prime factors of 2384904?
2, 3, 99371
What are the prime factors of 8792857?
8792857
What are the prime factors of 38504224?
2, 11, 109387
List the prime factors of 28592345.
5, 5718469
What are the prime factors of 2601974?
2, 19, 68473
What are the prime factors of 805128?
2, 3, 33547
List the prime factors of 9032232.
2, 3, 11, 34213
What are the prime factors of 19401790?
2, 5, 127, 15277
What are the prime factors of 474027?
3, 158009
List the prime factors of 960958.
2, 41, 11719
List the prime factors of 1443391.
31, 101, 461
What are the prime factors of 705791?
461, 1531
What are the prime factors of 4449999?
3, 1483333
What are the prime factors of 12288004?
2, 3072001
What are the prime factors of 3021789?
3, 251, 4013
What are the prime factors of 352395?
3, 5, 41, 191
List the prime factors of 60828.
2, 3, 37, 137
List the prime factors of 10042633.
10042633
List the prime factors of 3113169.
3, 19, 54617
What are the prime factors of 8145800?
2, 5, 13, 241
List the prime factors of 194887.
7, 11, 2531
List the prime factors of 852088.
2, 43, 2477
List the prime factors of 11301687.
3, 37, 419
List the prime factors of 5000324.
2, 7, 107, 1669
What are the prime factors of 7827175?
5, 313087
List the prime factors of 11547520.
2, 5, 18043
What are the prime factors of 56541?
3, 47, 401
What are the prime factors of 384067?
384067
List the prime factors of 326465.
5, 65293
List the prime factors of 6371539.
6371539
What are the prime factors of 2172470?
2, 5, 53, 4099
What are the prime factors of 83968?
2, 41
What are the prime factors of 261461?
47, 5563
What are the prime factors of 715783?
23, 31121
What are the prime factors of 1066956?
2, 3, 11, 59, 137
List the prime factors of 2412642.
2, 3, 402107
List the prime factors of 178260.
2, 3, 5, 2971
List the prime factors of 5239883.
11, 23, 139, 149
List the prime factors of 1647270.
2, 3, 5, 6101
What are the prime factors of 155088?
2, 3, 359
List the prime factors of 464840.
2, 5, 11621
List the prime factors of 680753.
137, 4969
List the prime factors of 2079279.
3, 231031
What are the prime factors of 1883410?
2, 5, 127, 1483
List the prime factors of 18820483.
11, 1710953
List the prime factors of 8327778.
2, 3, 31, 44773
List the prime factors of 1522461.
3, 191, 2657
List the prime factors of 324411.
3, 17, 6361
What are the prime factors of 708654?
2, 3, 83, 1423
List the prime factors of 1590025.
5, 63601
List the prime factors of 74226.
2, 3, 89, 139
List the prime factors of 345831.
3, 17, 6781
What are the prime factors of 572135?
5, 17, 53, 127
What are the prime factors of 121128?
2, 3, 7, 103
List the prime factors of 2874398.
2, 1437199
What are the prime factors of 118362?
2, 3, 19727
List the prime factors of 2002689.
3, 13, 17117
List the prime factors of 3242181.
3, 89, 12143
List the prime factors of 1165146.
2, 3, 17, 11423
List the prime factors of 1028876.
2, 257219
What are the prime factors of 2553225?
3, 5, 59, 577
What are the prime factors of 49011?
3, 17, 31
What are the prime factors of 3268046?
2, 17, 277, 347
List the prime factors of 890341.
17, 83, 631
List the prime factors of 3737695.
5, 13, 57503
What are the prime factors of 6524357?
7, 932051
What are the prime factors of 792773?
29, 27337
What are the prime factors of 3285712?
2, 205357
What are the prime factors of 120123?
3, 1483
List the prime factors of 1971304.
2, 29, 293
What are the prime factors of 3184916?
2, 7, 17, 6691
List the prime factors of 870877.
7, 2539
List the prime factors of 68175.
3, 5, 101
What are the prime factors of 419345?
5, 83869
What are the prime factors of 16736343?
3, 13, 429137
List the prime factors of 1269115.
5, 253823
List the prime factors of 1436513.
13, 110501
List the prime factors of 6441639.
3, 2147213
List the prime factors of 2873210.
2, 5, 287321
List the prime factors of 5828408.
2, 728551
What are the prime factors of 352289?
7, 59, 853
What are the prime factors of 270133?
270133
List the prime factors of 804899.
17, 113, 419
What are the prime factors of 2891346?
2, 3, 47, 10253
What are the prime factors of 12136738?
2, 41, 283, 523
List the prime factors of 2780544.
2, 3, 13, 557
What are the prime factors of 5312662?
2, 673, 3947
List the prime factors of 6082386.
2, 3, 31, 53, 617
List the prime factors of 153774.
2, 3, 8543
List the prime factors of 417056.
2, 13033
List the prime factors of 206443.
43, 4801
List the prime factors of 498653.
498653
What are the prime factors of 160483?
160483
What are the prime factors of 5392449?
3, 467, 1283
List the prime factors of 5360485.
5, 13, 82469
What are the prime factors of 29719?
113, 263
List the prime factors of 12302689.
7, 1757527
What are the prime factors of 55525?
5, 2221
What are the prime factors of 201609?
3, 19, 131
What are the prime factors of 1777781?
1777781
List the prime factors of 149074.
2, 19, 3923
What are the prime factors of 36932989?
36932989
What are the prime factors of 56534?
2, 23, 1229
What are the prime factors of 155937?
3, 59, 881
List the prime factors of 1031631.
3, 347, 991
List the prime factors of 849734.
2, 424867
List the prime factors of 192763.
17, 23, 29
What are the prime factors of 422894?
2, 353, 599
What are the prime factors of 6592380?
2, 3, 5, 109873
What are the prime factors of 96171?
3, 32057
What are the prime factors of 13621192?
2, 13, 130973
What are the prime factors of 3650324?
2, 912581
List the prime factors of 1342317.
3, 447439
List the prime factors of 108947.
108947
List the prime factors of 177523.
113, 1571
What are the prime factors of 1862024?
2, 232753
List the prime factors of 18187871.
13, 23, 59, 1031
What are the prime factors of 2582107?
11, 43, 53, 103
What are the prime factors of 212641?
11, 13, 1487
What are the prime factors of 508547?
13, 39119
What are the prime factors of 72165?
3, 5, 17, 283
What are the prime factors of 1451050?
2, 5, 29021
List the prime factors of 19508973.
3, 11, 591181
List the prime factors of 247796.
2, 61949
What are the prime factors of 7419695?
5, 31, 47869
List the prime factors of 10740093.
3, 7, 13, 39341
List the prime factors of 653161.
37, 127, 139
List the prime factors of 38582.
2, 101, 191
What are the prime factors of 880549?
17, 51797
What are the prime factors of 37081?
11, 3371
List the prime factors of 237808.
2, 89, 167
What are the prime factors of 157596?
2, 3, 23, 571
What are the prime factors of 922114?
2, 17, 37, 733
List the prime factors of 265935.
3, 5, 17729
What are the prime factors of 1886713?
23, 82031
What are the prime factors of 318111?
3, 107, 991
What are the prime factors of 1001667?
3, 233, 1433
What are the prime factors of 76200?
2, 3, 5, 127
What are the prime factors of 656013?
3, 17, 19, 677
What are the prime factors of 8156397?
3, 2718799
List the prime factors of 139014.
2, 3, 7723
List the prime factors of 13196668.
2, 83, 39749
What are the prime factors of 1676